d = w - 14. Suppose w = -u*x + 40. What are the prime factors of x?
17
Let d = 293 + -183. Let n = d + -39. List the prime factors of n.
71
Suppose -f + 3*n - 497 = -3956, n = f - 3469. List the prime factors of f.
2, 3, 193
List the prime factors of ((-22444)/(-248))/(-1*2/(-76)).
19, 181
Suppose 5*d + 40 = -3*d. List the prime factors of (d - -32)/(-1 - (-4)/3).
3
Let g(q) = 1035*q - 37. What are the prime factors of g(3)?
2, 13, 59
Let w(s) = s + 2. Let k be w(2). Suppose 324 = 7*c - 3*c + k*b, 197 = 2*c - 5*b. What are the prime factors of c?
2, 43
Let t(a) = -2*a**3 - 4*a**2 - 3*a. Let r be t(-2). What are the prime factors of (4 - 125/(-10))*(r + -2)?
2, 3, 11
Let n(x) = -x**3 - 2*x**2 - 4*x + 5. Let r be n(-4). Let p be -29*(-4 + 4 + -4). Let y = p - r. What are the prime factors of y?
3, 7
Suppose 173*s = 148*s + 43850. List the prime factors of s.
2, 877
Suppose 6*t - 6 = 3*t. Suppose -5 - 1 = t*z - 2*s, 0 = -4*z - s - 7. What are the prime factors of (z + 28/20)*-10?
2, 3
Let w(j) = -j + 9 - 3*j**2 - j**3 + 4*j + 0*j. Suppose 7*l - 12*l = -5*x + 45, 2*x = -2*l + 2. List the prime factors of w(l).
13
Let i(f) = 10*f**2 - 15*f - 17. What are the prime factors of i(-1)?
2
List the prime factors of 49/(-28)*4 - (3 - 1209).
11, 109
Let i = -3347 + 5958. What are the prime factors of i?
7, 373
Let b = 501 + -155. What are the prime factors of b?
2, 173
Let t(f) = 2*f**2 - 15*f + 2. Let p be t(10). Suppose 35*k + p = 39*k. What are the prime factors of k?
13
Let o = 10369 - 5927. List the prime factors of o.
2, 2221
Let c = 459 + -244. What are the prime factors of c?
5, 43
Suppose 3*p - w = 220, 10*p - 304 = 6*p - 4*w. What are the prime factors of p?
2, 37
Suppose -239*o + 2955 = -234*o. What are the prime factors of o?
3, 197
Let n be (14/(-14))/((-2)/214). List the prime factors of (n/3)/(11/33) - 1.
2, 53
Let p = 16 - 17. Let r(y) = -2*y + 2. What are the prime factors of r(p)?
2
Let k(m) = m**2 + 10*m + 13. Let i be k(-9). Suppose i*w - 4 = 2*w. Suppose 4*v + 2*b = 108, 0*v + w*v - 5*b - 78 = 0. What are the prime factors of v?
29
Let x = -66 - -19. Let o = x + 115. Let v = -11 + o. What are the prime factors of v?
3, 19
Let u(t) = 17*t**2 + 11*t + 1. What are the prime factors of u(-6)?
547
Let b be -2*820/(-32) - (-1)/(-4). Let c = 69 - b. What are the prime factors of c?
2, 3
Let s(c) = 3*c - 9. Suppose 4*q - 2*t = 18, -q - 2*t + 10 = -2. Let b be s(q). List the prime factors of (-12)/b*18/(-4).
2, 3
What are the prime factors of (-4912)/(-24) - (-8)/6?
2, 103
Let u(l) = -l**3 - 3*l**2 + l - 7. Let y be u(-5). Suppose -5*d = -2*f - 76, -2*f + f = -2*d + 31. Suppose -2*o = d - y. List the prime factors of o.
2, 3
Let z = 674 + -183. List the prime factors of z.
491
Suppose -2*i = -0 - 6. Suppose -199 = -3*l + x, i*l - 1 - 183 = 4*x. What are the prime factors of l?
2, 17
Let z(k) = -326*k**3 - 2*k**2 - 3*k - 1. List the prime factors of z(-1).
2, 163
Let d(z) = -6*z - 5. Suppose u - 55 = -4*u. Let l(i) = i**2 - 11*i - 10. Let y be l(u). List the prime factors of d(y).
5, 11
Let h(m) = -m**3 - 14*m**2 - 12*m + 3. Let q be h(-13). Let u = q - -13. List the prime factors of 34*1 - (-3)/u.
5, 7
Suppose -4*c = 2*s - 6*c + 6, -2*s = -c + 1. Suppose -5*d - 42 = -s*d. What are the prime factors of (-19)/(-2) + 7/d?
3
What are the prime factors of 4/12 - (-6056)/12?
5, 101
Suppose -5*r + 3*m = -m - 199, 3*r + 5*m - 112 = 0. What are the prime factors of 2436/52 - (-6)/r?
47
Let i = 4424 - 2687. List the prime factors of i.
3, 193
Let i be 20 - 1*(1 + 0). Let m be (-1 + 2)/((-8)/16). Let x = m + i. What are the prime factors of x?
17
Let p = 13 - 4. Suppose -3 = -4*a + p. Suppose -7*j + 128 = -a*j. What are the prime factors of j?
2
Let j = -66 + 94. Let r = j + -6. List the prime factors of r.
2, 11
Let k(l) = l**3 - 19*l**2 + 21*l + 18. What are the prime factors of k(19)?
3, 139
Let c(k) = 4*k**2 + 7*k. Let v be c(-5). Let f = 29 - v. Let d = f - -68. What are the prime factors of d?
2
Let d = -59 - -168. Let s = d + -9. Suppose 0 = p, -p - s = -o - 4*o. List the prime factors of o.
2, 5
Suppose -4*f + 968 = -5*d, -d + 2*d - 1239 = -5*f. Suppose 3*t + 12*j - 8*j = 232, -3*t = j - f. List the prime factors of t.
2, 3, 7
Suppose -n = -3*n + 4. Suppose -2 = 4*d + 2. What are the prime factors of n + 1/(0 - d)?
3
Let n = -660 + 1661. List the prime factors of n.
7, 11, 13
Suppose 2*j + 12*j = 28056. What are the prime factors of j?
2, 3, 167
Let n be (1 - -3)*33/(-44) - 1. Suppose -w - d + 11 + 8 = 0, -3*w = -3*d - 75. Let a = n + w. What are the prime factors of a?
2, 3
Let b(f) be the first derivative of f**3/3 + 6*f**2 + 6*f - 28. What are the prime factors of b(9)?
3, 5, 13
Suppose -w - 296 = -j, 5*w - 224 = -4*j + 960. Suppose 5*g + j = 3*k, 2*k - 5*g - 32 = 157. List the prime factors of k.
107
Let k(i) = -2*i**2 + 6*i - 6. Let c be k(2). List the prime factors of c/(-5) - (-340)/25.
2, 7
Suppose o + 0*o - 63 = 0. Suppose 5*l - o - 177 = 0. What are the prime factors of l?
2, 3
Suppose -4*r - 11 = -27, 0 = -5*p + 4*r + 4. Suppose p*w - 120 = -4*h + 96, 3*h + 2*w - 157 = 0. What are the prime factors of h?
7
Suppose 6*g = -0 - 6. Let z be g/(-3) + 692/12. Suppose -2*y + z = 6. What are the prime factors of y?
2, 13
Let p = 1566 - 518. List the prime factors of p.
2, 131
Let p(a) = -a**3 + 12*a**2 - 10*a - 9. Let f be p(11). Suppose -4*z - 4*l = -424, f*l - 111 = -5*z + 4*z. List the prime factors of z.
101
Suppose -a + 4 = -2*s, 16 = s + a + 3*a. Suppose s = -3*u + 2*u + 95. What are the prime factors of u?
5, 19
Suppose 0 = s - 2 - 1. Suppose 4*c + g + 220 = 42, -125 = s*c + 5*g. What are the prime factors of c/(-9) + 1*2?
7
Let i = 8 - -2. Suppose -4*d = -z - 160, 0*z - 8 = 2*z. Let h = i + d. What are the prime factors of h?
7
Suppose -4*p + 228 = -0. Suppose -5 = 4*h - p. What are the prime factors of h?
13
Suppose 48 = -5*t + 7*t. Suppose -h - 2*q - t = 3*h, h + 2*q = 0. Let n(c) = -8*c - 5. What are the prime factors of n(h)?
59
Let x(f) = -2*f**3 - 15*f**2 + 11*f + 28. Let u be x(-8). Suppose -z = u*p - 852, -441 - 615 = -5*p + z. What are the prime factors of p?
2, 53
Let y = 254 + 64. Suppose -3*w - 3*l = -y + 54, 204 = 2*w - 5*l. What are the prime factors of w?
2, 23
Let d(v) = 97*v + 915. What are the prime factors of d(-5)?
2, 5, 43
Suppose 2*v - 15 = v + y, -18 = -2*v - y. Let n = -6 + v. What are the prime factors of n?
5
Let c(h) = 61*h + 26. Let t be c(6). Let z = -198 + t. What are the prime factors of z?
2, 97
Suppose 5*j - a - 8 = -2*a, -3*a - 14 = -4*j. Suppose -438 = -j*k + u - 49, 0 = 5*k + 2*u - 968. List the prime factors of k.
2, 97
List the prime factors of (-23610)/(-90) - ((-4)/(-3) + -2).
263
Let q be (0 - -63)*(-18)/(-6). Let n be q/15*(-10)/(-3). Let j = n - 20. What are the prime factors of j?
2, 11
Let r(x) = -8*x - 66. Let h be r(-22). What are the prime factors of (-1 - -2)/(2/h)?
5, 11
Let c be (-6)/15 + 8202/30. Let g = c - 121. List the prime factors of g.
2, 19
Suppose -3*t - 4*w + 6 = 0, 0 = -t - 0*t - 3*w + 2. What are the prime factors of 1304/10 + 3*t/10?
131
List the prime factors of (514558/44)/(-19)*(0 + -4).
2, 1231
Suppose v - 4*p = 15, 4*v - p + 2*p = 77. Let k = v - -1. Let q = k - 16. What are the prime factors of q?
2
Suppose p = 2*z - 0*p - 9, 0 = -5*z - 4*p + 29. Suppose -176 = -b + z*g, 616 = 2*b + 2*b + 2*g. List the prime factors of b.
2, 3, 13
Suppose v = -2*v + 9. Let c(s) = 121*s - 2 + v - 98*s. What are the prime factors of c(2)?
47
Suppose 26*m - 25*m = -22. What are the prime factors of -123*(m/33 + (0 - 0))?
2, 41
Suppose 7*i = 5*i + 12780. What are the prime factors of (i/(-16))/(-5) + (-7)/(-56)?
2, 5
Let w = -13 - -19. Suppose -3*i + w = -i. List the prime factors of (2 - i)/((-4)/140).
5, 7
Suppose 28 = 9*l + 10. Let a = l + 45. What are the prime factors of a?
47
Let v(n) = -3*n + 30. Let k be v(9). Suppose 0*m = -g - 2*m + 41, 3*g - k*m - 132 = 0. List the prime factors of g.
43
Suppose -i - 200 = -6*i. Let a = i - 28. What are the prime factors of a?
2, 3
Suppose 166*x + 38270 = 209*x. What are the prime factors of x?
2, 5, 89
Let f(y) = -y + 33. Let x = -31 + 16. List the prime factors of f(x).
2, 3
Let t be ((-114)/(1 - -2))/2. Let s = t - -21. Suppose 5*b - 31